se 11, what is 11 - 4?
8
In base 6, what is 32 + 45?
121
In base 16, what is -b75 - -5?
-b70
In base 9, what is 158 - -162?
331
In base 6, what is -334 - 33?
-411
In base 5, what is 2 - -140432?
140434
In base 4, what is -310 - 12?
-322
In base 4, what is 232121 - -10?
232131
In base 10, what is 319 - 0?
319
In base 12, what is 1 - -934?
935
In base 12, what is -8 + 282?
276
In base 6, what is 5 + -32?
-23
In base 10, what is -102 + 5?
-97
In base 13, what is 4 + -550?
-549
In base 16, what is -5 + -2?
-7
In base 16, what is df + 28?
107
In base 15, what is -ce - -5?
-c9
In base 12, what is 3 - -27?
2a
In base 11, what is 2 + -31?
-2a
In base 16, what is -2 + -41d?
-41f
In base 8, what is 4 + -2266?
-2262
In base 10, what is -656 + -3?
-659
In base 8, what is 1 + -245?
-244
In base 3, what is -2200 + 102?
-2021
In base 16, what is 57 + 4?
5b
In base 5, what is 231 + 4312?
10043
In base 13, what is -1 - 61?
-62
In base 8, what is 2 + -3354?
-3352
In base 9, what is 4 - -184?
188
In base 6, what is 3 - 30014?
-30011
In base 10, what is 2 + 68?
70
In base 7, what is 1203 - 3?
1200
In base 8, what is -13 - -72?
57
In base 7, what is -51 + -11?
-62
In base 11, what is 5 - -49a?
4a4
In base 13, what is -b - 14?
-22
In base 12, what is 0 - 41?
-41
In base 11, what is -4 + 35a8?
35a4
In base 11, what is 4 - 245?
-241
In base 5, what is 2124030 - -2?
2124032
In base 9, what is -4 - 25?
-30
In base 13, what is -7 + 6?
-1
In base 6, what is -113 + 32?
-41
In base 5, what is -3 + 10002?
4444
In base 14, what is 13 + 0?
13
In base 12, what is -4 + 74?
70
In base 16, what is d9 + 5?
de
In base 14, what is 2b4 + -1?
2b3
In base 2, what is 11110 + -1010001?
-110011
In base 16, what is 6 - -7a?
80
In base 9, what is 14 - -1024?
1038
In base 10, what is 2 + 778?
780
In base 4, what is -3 - 120?
-123
In base 13, what is 2 + -257?
-255
In base 12, what is 5b + -2?
59
In base 13, what is 3 - 461?
-45b
In base 9, what is 21 - 8?
12
In base 9, what is 1 - 12?
-11
In base 14, what is 8a - -37?
c3
In base 3, what is 102 - 121112?
-121010
In base 3, what is 100 - 222?
-122
In base 15, what is -6 + 573?
56c
In base 16, what is 9 + -13?
-a
In base 12, what is 5 - -9?
12
In base 8, what is -363 + 1?
-362
In base 7, what is 640 - -1?
641
In base 10, what is 284 + -1?
283
In base 16, what is 1f - -10a?
129
In base 5, what is 1401 + -1100?
301
In base 6, what is -41050 + 1?
-41045
In base 2, what is 111 + 100101?
101100
In base 12, what is a + -766?
-758
In base 11, what is -379 + -3?
-381
In base 11, what is -3a + 2?
-38
In base 4, what is 11 + -2033?
-2022
In base 16, what is -57 + -1?
-58
In base 9, what is 22 + 4?
26
In base 13, what is -24c - 7?
-256
In base 7, what is 5 - 1436?
-1431
In base 8, what is 2 - 107?
-105
In base 6, what is -25 - -131?
102
In base 9, what is 12 - 14?
-2
In base 14, what is -2a - 1a3?
-1cd
In base 13, what is -186 - 1?
-187
In base 9, what is -2 + -18?
-21
In base 7, what is -100 - 2?
-102
In base 13, what is 3 - -155?
158
In base 5, what is 1442301 - 2?
1442244
In base 4, what is -33 + 133?
100
In base 3, what is 110 + 2221202?
2222012
In base 9, what is 5415 + 5?
5421
In base 5, what is 10002 + 31?
10033
In base 14, what is -26 - 3?
-29
In base 6, what is 3543 + 2?
3545
In base 6, what is 20320 + -5?
20311
In base 11, what is -4 - -388?
384
In base 15, what is 5 - -6ae?
6b4
In base 3, what is -12 - -1020?
1001
In base 6, what is -11 + -11?
-22
In base 7, what is -113525 + 4?
-113521
In base 9, what is 2215 + -4?
2211
In base 4, what is 132302 - -10?
132312
In base 12, what is -4 + -18?
-20
In base 14, what is -3368 - 1?
-3369
In base 13, what is 28a - -1c?
2a9
In base 13, what is 0 - 1a6?
-1a6
In base 15, what is 9 + 39?
43
In base 3, what is 1 + -2001?
-2000
In base 7, what is -4 + -41?
-45
In base 11, what is 1 - 6a?
-69
In base 16, what is 2 - 265?
-263
In base 16, what is 23 + -7?
1c
In base 7, what is 2 + -46?
-44
In base 7, what is 263 + -46?
214
In base 5, what is 10 - -1232?
1242
In base 11, what is -485 + -5?
-48a
In base 14, what is 186 - 5?
181
In base 10, what is 10 - 227?
-217
In base 13, what is -4 + -82?
-86
In base 13, what is 486 + 5?
48b
In base 4, what is 1231 - 10?
1221
In base 7, what is 5 - 2424?
-2416
In base 10, what is -2 - 1839?
-1841
In base 12, what is 2 + -6?
-4
In base 15, what is 0 + a3?
a3
In base 15, what is 1 - -5e?
60
In base 2, what is -110110010 + -1000?
-110111010
In base 3, what is 1120022 - 1?
1120021
In base 7, what is 2 - -605?
610
In base 3, what is -22 + 2012?
1220
In base 15, what is 3d + 4?
42
In base 8, what is 0 + -3343?
-3343
In base 13, what is -62 - 5?
-67
In base 15, what is -34 + -73?
-a7
In base 4, what is 12 + -310?
-232
In base 2, what is 1100011 - 100?
1011111
In base 13, what is -629 - 2?
-62b
In base 15, what is -6b + -5?
-71
In base 11, what is 24a72 + -4?
24a69
In base 6, what is -241 - -5?
-232
In base 3, what is 2212 - -1?
2220
In base 11, what is 420 + 3?
423
In base 12, what is -3 + -2a?
-31
In base 13, what is -2 + 1686?
1684
In base 10, what is -1149 - 1?
-1150
In base 10, what is -1 + 135?
134
In base 3, what is 21 + 20120?
20211
In base 10, what is 94 + 4?
98
In base 7, what is -15651 - -5?
-15643
In base 3, what is -1020 - 101200?
-102220
In base 9, what is -2 - 773?
-775
In base 9, what is 55024 - -1?
55025
In base 5, what is -10 + -33?
-43
In base 7, what is 106 - -1?
110
In base 4, what is 0 + -2102?
-2102
In base 9, what is 167 - 3?
164
In base 16, what is a - -6e?
78
In base 16, what is -3 - 140?
-143
In base 10, what is 1090 - 12?
1078
In base 5, what is 21203 + 10?
21213
In base 6, what is -114 + 12?
-102
In base 7, what is 6631 + 4?
6635
In base 10, what is 221 + 2?
223
In base 9, what is 0 - -541?
541
In base 2, what is -1011 - -111000?
101101
In base 16, what is -5 + -3a?
-3f
In base 2, what is 10 + -110010101?
-110010011
In base 3, what is -202111 - 101?
-202212
In base 10, what is 3 + 3?
6
In base 10, what is 10 + -2?
8
In base 9, what is 2 - 0?
2
In base 10, what is -30 + 7?
-23
In base 14, what is 1 + -a5?
-a4
In base 6, what is 2 - 5520?
-5514
In base 14, what is 27 - -68?
91
In base 16, what is 5 + -6d?
-68
In base 7, what is 0 + 10322?
10322
In base 14, what is -25 - 55?
-7a
In base 12, what is 5 + -a60?
-a57
In base 7, what is -160 - -4?
-153
In base 9, what is 4 + -115?
-111
In base 16, what is 19 + 15?
2e
In base 12, what is 2 - 5?
-3
In base 9, what is -87 - 5?
-103
In base 2, what is 10001 - -1111?
100000
In base 9, what is 14 - -155?
170
In base 13, what is 27 - 4?
23
In base 3, what is 1020 - 11?
1002
In base 13, what is -3b - -7?
-34
In base 14, what is 2 - 19?
-17
In base 16, what is a - -439?
443
In base 7, what is -4114 - -2?
-4112
In base 12, what is 29 + -2?
27
In base 7, what is -161 + -3?
-164
In base 5, what is 130344 + 3?
130402
In base 3, what is 2212200 - -22?
2212222
In base 16, what is -2 - -3a8?
3a6
In base 3, what is -12 - -12000?
11211
In base 14, what is -8 - -a3?
99
In base 11, what is 1981 + 5?
1986
In base 2, what is -1011110011 - 1?
-1011110100
In base 15, what is -1 + c4?
c3
In base 11, what is -1442 - 2?
-1444
In base 15, what is 3 + -dd?
-da
In base 4, what is 110 + 10?
120
In base 6, what is 11223 - -2?
11225
In base 16, what is -73 + 0?
-73
In base 10, what is 5 + 1060?
1065
In base 12, what is -6 + 14?
a
In base 15, what is 7 + 93?
9a
In base 10, what is -2 + -1405?
-1407
In base 9, what is 5 - 7?
-2
In base 10, what is 2 + 39?
41
In base 10, what is -206 - -1?
-205
In base 3, what is 12 - 2201?
-2112
In base 13, what is 20 - 8?
15
In base 7, what is 4 - 652?
-645
In base 12, what is 40 - 72?
-32
In base 10, what is -287 + 47?
-240
In base 13, what is -11 - -ab?
9a
In base 16, what is 62cb + 3?
62ce
In base 14, what is 3 + -58?
-55
In base 13, what is -4 + -125?
-129
In base 4, what is 0 + 123031?
123031
In base 13, what is -1371 + 1?
-1370
In base 5, what is -10 - 44?
-104
In base 2, what is -1 - -100001?
100000
In base 3, what is 2000200 + -1?
2000122
In base 10, what is -4 + -954?
-958
In base 6, what is 23 - 144?
-121
In base 5, what is -22 + 221?
144
In base 12, what is 3 + -41a?
-417
In base 3, what is -111 + 11011?
10200
In base 14, what is 261 + -3?
25c
In base 2, what is -11010 - -1110110010?
1110011000
In 